, 13, 6607
What are the prime factors of 573912?
2, 3, 2657
What are the prime factors of 887277?
3, 295759
List the prime factors of 2848823.
2848823
List the prime factors of 1057273.
7, 21577
What are the prime factors of 8558528?
2, 11, 12157
What are the prime factors of 685878?
2, 3, 79, 1447
List the prime factors of 2656986.
2, 3, 442831
List the prime factors of 19754964.
2, 3, 548749
List the prime factors of 2643337.
19, 139123
What are the prime factors of 81751?
29, 2819
What are the prime factors of 2495625?
3, 5, 11
List the prime factors of 37992032.
2, 13, 271, 337
List the prime factors of 659913.
3, 219971
What are the prime factors of 429608?
2, 83, 647
What are the prime factors of 246017?
246017
List the prime factors of 195658.
2, 97829
What are the prime factors of 1393049?
7, 59, 3373
What are the prime factors of 223522?
2, 13, 8597
What are the prime factors of 10723863?
3, 3574621
List the prime factors of 24405724.
2, 7, 239, 521
What are the prime factors of 507207?
3, 169069
List the prime factors of 8631455.
5, 7, 246613
List the prime factors of 25635583.
25635583
What are the prime factors of 71066?
2, 35533
List the prime factors of 9206957.
907, 10151
List the prime factors of 843382.
2, 421691
What are the prime factors of 98615?
5, 11, 163
List the prime factors of 691235.
5, 138247
What are the prime factors of 16614601?
101, 179, 919
What are the prime factors of 6032980?
2, 5, 301649
What are the prime factors of 1168181?
7, 43, 3881
What are the prime factors of 416634?
2, 3, 69439
List the prime factors of 37423.
37423
List the prime factors of 6184827.
3, 11, 62473
List the prime factors of 3110070.
2, 3, 5, 103669
What are the prime factors of 1023810?
2, 3, 5, 34127
List the prime factors of 6440291.
11, 13, 29, 1553
List the prime factors of 338175.
3, 5, 167
List the prime factors of 625651.
13, 17, 19, 149
List the prime factors of 18947649.
3, 7, 43, 20983
What are the prime factors of 3972004?
2, 993001
What are the prime factors of 176517?
3, 11, 1783
What are the prime factors of 7233799?
23, 314513
List the prime factors of 1014125.
5, 7, 19, 61
What are the prime factors of 733817?
7, 104831
What are the prime factors of 165722?
2, 41, 43, 47
What are the prime factors of 1513170?
2, 3, 5, 17, 23, 43
List the prime factors of 7328419.
7, 1046917
List the prime factors of 10247717.
43, 67, 3557
List the prime factors of 479769.
3, 19, 443
List the prime factors of 171370.
2, 5, 17137
What are the prime factors of 2400487?
23, 104369
What are the prime factors of 279248?
2, 31, 563
What are the prime factors of 8132573?
211, 38543
What are the prime factors of 8766722?
2, 47, 93263
List the prime factors of 5349909.
3, 131, 13613
What are the prime factors of 4008083?
31, 129293
List the prime factors of 11410645.
5, 23, 99223
List the prime factors of 10673841.
3, 17, 47, 61, 73
What are the prime factors of 2922831?
3, 103, 1051
List the prime factors of 1022984.
2, 127873
What are the prime factors of 262489?
262489
List the prime factors of 6449057.
1301, 4957
What are the prime factors of 20567833?
11, 13, 143831
List the prime factors of 1514864.
2, 13, 7283
List the prime factors of 1762903.
1762903
What are the prime factors of 10420893?
3, 7, 18379
What are the prime factors of 12993667?
47, 276461
What are the prime factors of 1331756?
2, 223, 1493
What are the prime factors of 406584?
2, 3, 5647
List the prime factors of 250828.
2, 73, 859
List the prime factors of 4600354.
2, 11, 67, 3121
List the prime factors of 2367415.
5, 29, 563
What are the prime factors of 308?
2, 7, 11
List the prime factors of 6381764.
2, 23, 71, 977
What are the prime factors of 1781961?
3, 593987
List the prime factors of 5037974.
2, 2518987
List the prime factors of 12348227.
12348227
List the prime factors of 217256.
2, 13, 2089
What are the prime factors of 5836970?
2, 5, 583697
List the prime factors of 3459641.
3459641
What are the prime factors of 8100108?
2, 3, 179, 419
List the prime factors of 707088.
2, 3, 14731
What are the prime factors of 7942202?
2, 71, 55931
What are the prime factors of 5692125?
3, 5, 43, 353
List the prime factors of 761712.
2, 3, 7, 2267
What are the prime factors of 4032177?
3, 47, 28597
List the prime factors of 238177.
29, 43, 191
List the prime factors of 267153.
3, 89051
What are the prime factors of 9987419?
13, 768263
What are the prime factors of 646249?
487, 1327
What are the prime factors of 264903?
3, 88301
What are the prime factors of 27748?
2, 7, 991
What are the prime factors of 493182?
2, 3, 9133
List the prime factors of 10835589.
3, 29, 269, 463
List the prime factors of 5890225.
5, 11, 21419
List the prime factors of 181801.
29, 6269
List the prime factors of 239777.
347, 691
What are the prime factors of 2811912?
2, 3, 117163
List the prime factors of 3382670.
2, 5, 338267
List the prime factors of 28734.
2, 3, 4789
List the prime factors of 1423461.
3, 13, 17, 19, 113
List the prime factors of 169349.
23, 37, 199
What are the prime factors of 629396?
2, 157349
What are the prime factors of 327421?
327421
What are the prime factors of 389739?
3, 7, 67, 277
What are the prime factors of 145884?
2, 3, 12157
What are the prime factors of 1858249?
1858249
What are the prime factors of 74924?
2, 18731
What are the prime factors of 31750?
2, 5, 127
List the prime factors of 3169143.
3, 19, 43, 431
List the prime factors of 736180.
2, 5, 36809
List the prime factors of 847845.
3, 5, 83, 227
What are the prime factors of 686398?
2, 343199
What are the prime factors of 780559?
13, 97, 619
What are the prime factors of 2022745?
5, 17, 53, 449
What are the prime factors of 1388986?
2, 31, 43, 521
List the prime factors of 4580530.
2, 5, 458053
What are the prime factors of 172825?
5, 31, 223
What are the prime factors of 358752?
2, 3, 37, 101
What are the prime factors of 6471109?
233, 27773
List the prime factors of 1597567.
1597567
List the prime factors of 9430357.
2357, 4001
What are the prime factors of 685920?
2, 3, 5, 1429
List the prime factors of 9554735.
5, 61, 31327
List the prime factors of 14197.
14197
List the prime factors of 164766.
2, 3, 7, 3923
List the prime factors of 39083286.
2, 3, 11, 743, 797
List the prime factors of 170660.
2, 5, 7, 23, 53
List the prime factors of 14811041.
7, 2115863
List the prime factors of 282898.
2, 7, 11, 167
What are the prime factors of 18646694?
2, 11, 847577
What are the prime factors of 138258?
2, 3, 7681
What are the prime factors of 11431265?
5, 1459, 1567
List the prime factors of 279859.
67, 4177
What are the prime factors of 2041151?
7, 19, 103, 149
List the prime factors of 6746752.
2, 52709
What are the prime factors of 310363?
310363
List the prime factors of 2016628.
2, 504157
What are the prime factors of 2419648?
2, 7, 11, 491
What are the prime factors of 1933396?
2, 41, 11789
List the prime factors of 7766166.
2, 3, 1294361
List the prime factors of 902088.
2, 3, 11, 17, 67
What are the prime factors of 1451507?
23, 223, 283
What are the prime factors of 9910468?
2, 43, 157, 367
List the prime factors of 340982.
2, 29, 5879
What are the prime factors of 10400?
2, 5, 13
List the prime factors of 1567496.
2, 7, 23, 1217
List the prime factors of 494195.
5, 13, 7603
What are the prime factors of 874644?
2, 3, 23, 3169
List the prime factors of 121449.
3, 40483
What are the prime factors of 10434062?
2, 5217031
What are the prime factors of 332969?
7, 13, 3659
What are the prime factors of 108087?
3, 7, 5147
List the prime factors of 1989374.
2, 17, 58511
What are the prime factors of 4176985?
5, 17, 157, 313
What are the prime factors of 10923198?
2, 3, 11, 13, 29, 439
What are the prime factors of 4249418?
2, 31, 68539
List the prime factors of 196960.
2, 5, 1231
List the prime factors of 143640.
2, 3, 5, 7, 19
What are the prime factors of 765490?
2, 5, 11, 6959
List the prime factors of 147383.
19, 7757
What are the prime factors of 505306?
2, 73, 3461
List the prime factors of 373593.
3, 11, 11321
List the prime factors of 33656384.
2, 37, 61, 233
What are the prime factors of 3072142?
2, 1033, 1487
What are the prime factors of 355734?
2, 3, 19763
What are the prime factors of 402110?
